 - l + c*l**2 + 3 - 3*l. What is n(3)?
6
Suppose i + 1 = u - 0, i + u = 5. Suppose -37 = i*b - 37. Let g(a) = a**3 - a**2 - a + 14. Give g(b).
14
Let z be 2 + 80/(-18) - (-2256)/5076. Let o(m) = 30*m**2 + 3*m + 5. What is o(z)?
119
Let t(l) = 2*l**2 + 48*l + 24. Let u = 5562 + -5585. Calculate t(u).
-22
Let p(h) = h - 8. Let k be (-6)/(((-3)/2)/1). Let g be (-146)/(-8) - 648/288. Suppose b - g = -k*y, 5*y - 20 = -b - 2*b. Give p(b).
-8
Let w(l) = l**2 + 9*l + 4. Let s(q) = 16*q**2 - 2721*q + 161. Let t be s(170). Calculate w(t).
4
Let l be (22/8)/(9*15/(-540)). Let v(s) = -s**3 - 9*s**2 + 21*s - 29. Determine v(l).
-18
Let s = 156 - 156. Suppose -2*o + y + 3 = s, 3*y = y + 10. Let t(r) = -r**2 + 7*r - 2. Calculate t(o).
10
Let s = 14 + -15. Let k be (1 - s/2)*2. Let q(y) = -5*y**2 + 2 - 7*y**2 + 11*y**2 - 94*y + 96*y. Determine q(k).
-1
Let u(c) be the first derivative of -7/3*c**3 + 0*c + 1/8*c**4 + 30 + 1/20*c**5 - 1/360*c**6 + 0*c**2. Let a(i) be the third derivative of u(i). Calculate a(6).
3
Let a(y) = -72*y**2 + 347 - 47*y - 106*y**2 + y**3 - 71*y**2 + 212*y**2. Determine a(38).
5
Let t(u) = -7 + 3*u**2 - 2*u**2 + 0*u**2. Suppose -5*s = -25, 5*m - 695 = -0*s - 2*s. Let j = m - 132. Determine t(j).
18
Let n(p) = -2*p - 1. Let w(s) = -5*s - 5. Let f(i) = -6*n(i) + w(i). Let y(t) = 2*t - 1. Let u(c) = f(c) - 2*y(c). Give u(-5).
-12
Let n(r) be the first derivative of -13*r**2/2 + 2*r + 1984. Determine n(-2).
28
Let c(q) = -7*q**2 + q - 1. Let a(h) = 7*h - 2*h**2 - 9 + 21 + 3*h**2. Let l be a(-6). Let y(b) = -3*b**2 + 16*b + 13. Let o be y(l). What is c(o)?
-7
Let p be 54/10 - 2/5. Suppose -12 = -3*h, 2*h + 116 = 5*y - 126. Let w(b) = 49*b + 0 - y*b + 3. Calculate w(p).
-2
Let v(y) = 20*y**2 - y - 2. Suppose -23*d - 44 = 24 - 45. What is v(d)?
19
Let b(w) be the first derivative of 1/3*w**3 + w + 72 + w**2 - 1/2*w**4. Give b(-2).
17
Let n(k) = -21*k**3 - 1. Suppose 5*b - 8*u = -13*u + 40, 2*u - 14 = 0. What is n(b)?
-22
Let v(p) = 5 - 7 + 3 + 4 + 4*p. Let l(t) = 188 + 6*t - 9*t + 7*t + 28*t. Let a be l(-6). What is v(a)?
-11
Let l(q) = 19*q + 3. Suppose -291*d - 215 + 1088 = 0. Give l(d).
60
Suppose v - 126 + 126 = 0. Let u(r) be the second derivative of r**4/12 + r**3/6 + 2*r**2 + 31*r. Determine u(v).
4
Let i(q) be the third derivative of -3*q**4/2 + 55*q**3 + 623*q**2 - 1. Calculate i(9).
6
Let v be (-10)/6*6/(-5). Suppose 12 = -v*m + 20. Suppose -19 = -5*y - m. Let f(b) = b - 4. Give f(y).
-1
Suppose 4*p = -5*q + 20, -p + 4*p - 15 = -2*q. Let d(o) = -o + 0 - 14 - 5 + 6 - 1. What is d(q)?
-14
Let i(d) = -77*d - 80*d + 158*d + 4. Suppose -118*h = -122*h - 12. Give i(h).
1
Let w(c) = -2*c**2 + 24*c - 3. Let i = -4953 + 4969. Give w(i).
-131
Let s = -8 - -10. Suppose -s*b + x = 3 + 7, 2*b - 4*x = -22. Let j(d) be the second derivative of 2*d**3/3 + 2*d**2 - 41*d - 11. Calculate j(b).
-8
Suppose 14*m - 8*m = 18. Let l(p) = -6 - p**3 + 1 + 4*p**2 + p + 2. Give l(m).
9
Let b(h) = -4 - 29 + 46 + 2 - 8*h. Determine b(2).
-1
Let y = 6853 - 6848. Let t(q) = -9*q + 15. Determine t(y).
-30
Let o(a) = 2*a**2 + 18*a + 16. Let r = -2108 - -2100. Determine o(r).
0
Let h(s) be the second derivative of -s**5/4 - s**2/2 - 2235*s. Determine h(-1).
4
Let a(h) be the first derivative of 1/3*h**3 + 1/20*h**5 + 1/2*h**4 + 3*h**2 - 8 + 12*h. Let g(o) be the first derivative of a(o). Determine g(-6).
-6
Let r(c) = c**3 + 10*c**2 + 2*c + 20. Let n be r(-10). Suppose o + n*o = -2*o. Let p(y) = -5*y + 0*y + 4*y - 14 + o*y. What is p(0)?
-14
Suppose 4*f - 32 = -0. Suppose 14*x - 2*d = 15*x - 2, 5*d = -15. Let m(a) = -x + 6*a - 5*a - 4 + 0*a. Give m(f).
-4
Let g(s) be the third derivative of s**4/24 - 7*s**3/6 + s**2. Let q(r) = -25 + 12 + 28 - 7*r - 71 - 73. Let d be q(-19). Determine g(d).
-3
Let y = 180 - 171. Suppose 18 = -7*a + y*a + 4*b, 5*b = -5*a + 45. Let p(l) = -2*l**2 + 17*l + 12. What is p(a)?
3
Let p(j) = -5*j**3 + 2*j**2 + 2*j + 1. Suppose 3*m - 868 = -763. Suppose 0 = -45*b + m*b - 20. Calculate p(b).
45
Let l(m) = 48*m**3 + m**2 - 2 - 155*m**3 + 48*m**3 + 7*m + 60*m**3 - 3*m. Calculate l(-4).
-66
Let w(p) = -5 + p**2 - 6*p - 5*p + 12. Let i = -1567 - -1577. Determine w(i).
-3
Let g(p) = -6*p**2 - 11*p - 4. Let y(r) = -r**2 - 2*r - 1. Suppose -4*b = b + 10, 3*i = b + 35. Let k(o) = i*y(o) - 2*g(o). Determine k(-3).
6
Let o(h) be the second derivative of -h**4/12 + h**3/3 + 31*h**2/2 + 5*h + 1. Let i(d) = d + 2. Let t(j) = 2*i(j) - o(j). What is t(0)?
-27
Let m(j) = j**2 - 22*j + 67. Let q = -357 + 375. Let z be m(q). Let n(c) = -4*c + 3. Determine n(z).
23
Let r be (-1 + 2)/((120/(-64))/(-15)). Let x(o) = r*o - 9*o + 23 - 10. Give x(15).
-2
Let g(h) = h**3 + h**2 - 3*h + 4. Let q be g(0). Suppose 2*p = 8, 0 = -q*l + 7*l + 3*p + 3. Let s(a) = -a**3 - 5*a**2 + 2*a + 2. Calculate s(l).
-8
Let y(r) = -r**3 - r**2 + 7. Let s be (-40)/320 - 1/(-8). Give y(s).
7
Let s(v) = v**3 + 19*v**2 + 18*v - 20. Let y = 2690 + -2708. Calculate s(y).
-20
Let l(a) = -5*a + 9. Let c = 301 + -307. Let t(y) = -y + 1. Let p(h) = c*t(h) + l(h). Calculate p(-8).
-5
Let z(p) = -26*p**2 - 17*p - 36. Let t(a) = -31*a**2 - 23*a - 37. Let v(x) = -5*t(x) + 6*z(x). Give v(15).
-61
Let u(o) = -34*o - 14. Let s(w) = -41 + 30*w - 70*w + 15*w - 71*w. Let y(q) = -6*s(q) + 17*u(q). What is y(10)?
-12
Let z(a) = a**3 - 4*a**2 - 3*a - 2. Let u(n) = 2*n**3 - 7*n**2 - 5*n - 4. Let v(f) = -3*u(f) + 5*z(f). Let w(g) = 2*g**2 - 5*g. Let m be w(0). Calculate v(m).
2
Let k(u) be the first derivative of u**3/3 + 2*u + 1813. Determine k(-4).
18
Let s(p) = -19*p**3 - 11*p**2 + 115*p - 66. Let r(k) = -3*k**3 - 2*k**2 + 19*k - 10. Let b(i) = -13*r(i) + 2*s(i). Calculate b(-7).
-30
Suppose y = 3*y + k - 111, y - k - 57 = 0. Suppose 0 = z + 6*z - y. Let p(a) = -6*a + 2 + z*a - 7 + 3. Determine p(-3).
-8
Suppose 0 = -8*x + 28 - 4. Let d(w) = 1158*w**3 + 0 + 3*w**2 + w - 1157*w**x + 0. Calculate d(-3).
-3
Let y(g) = -g**2 - g + 5. Let r be y(0). Let q = 126 + -111. Let t(u) = 4*u**3 - 4*u**2 - 3*u**3 - 5*u - 19 + q. What is t(r)?
-4
Let h(k) be the second derivative of -k**3/6 + 11*k**2/2 + 6*k + 146. Calculate h(5).
6
Let p(x) = x - 5. Let j = 183 + -197. Let b be (-2 + 10/6)*294/j. What is p(b)?
2
Let i(g) = g**2 - 23*g - 15. Let o be i(-5). Let m(k) = o*k - 1 + 2 - 117*k. Determine m(2).
17
Let s(c) = -4*c**2 - 98559*c - 14 + 3*c**2 + 98573*c. Give s(8).
34
Let x(a) = 23*a**2. Let k be (32/(-6) - 0)/((-102)/(-306)). Let y(b) = 3*b + 49. Let t be y(k). Determine x(t).
23
Suppose -33*a - 42*a = 450. Let g(j) = 41*j + 241. What is g(a)?
-5
Let b(c) = c**2 - 11*c + 12. Let l(p) = -p**2 + 17*p + 18. Let g(z) = 2*z**2 - 25*z - 28. Let r(n) = -5*g(n) - 8*l(n). Let h be r(-4). Determine b(h).
-12
Let d(z) = 3*z + 16. Let x be 270/(-65) - -4 - (1 - (-152)/26). Determine d(x).
-5
Let r(u) = -4*u**3 + u**2 - 1. Suppose -18 = -3*v + 5*v. Let n(w) = -4*w - 29. Let o be n(v). Suppose -p - o*p = -8. Determine r(p).
-4
Let b = -31 - -33. Let n = -72 + 74. Let i(m) = m + 2 + 0*m**2 - 2*m**2 - n*m + 0*m. What is i(b)?
-8
Suppose -14*y + 32*y = 198. Suppose -y*i = -10*i. Let f(v) = -v**2 - 5*v - 15. Let r(u) = -u - 1. Let c(o) = f(o) - 5*r(o). Calculate c(i).
-10
Let l be (-10)/(-2) + (35 - 8)*-1. Let f = l + 33. Let n(b) = -b**2 + 10*b + 7. Calculate n(f).
-4
Let z(x) = 3*x + 3. Let w(y) = y**3 - 12*y**2 + 14*y - 2. Let g be w(11). Suppose -v - 4 = a - 13, 0 = -3*v - 5*a + g. Suppose 13 = -v*o - 8. Give z(o).
-6
Suppose -8*i = -865 - 183. Let n = i - 129. Let c(z) = 13*z + 2. Give c(n).
28
Let d(s) = -4*s**3 - 1 - s**2 + 6*s**2 - 2*s**2 + s. Let k = 3990 - 3991. Calculate d(k).
5
Let d(g) = g**2 + 18*g + 1. Suppose 0 = u + 2*z + 12, 219*z + 93 = -5*u + 220*z. What is d(u)?
1
Let w be 6 + ((-14)/49 - (-30)/7). Let q(k) = -k**3 + 9*k**2 + 5*k + 55. Calculate q(w).
5
Let g(o) = -o**3 + o**2 - 2. Let m = -298 + 228. Let f = 72 + m. Determine g(f).
-6
Let v(n) be the second derivative of n**3 + 107*n**2/2 + 1136*n - 2. Calculate v(-20).
-13
Let s(k) be the second derivative of -k**3/6 + k**2/2 - k. Let i be 10*6/12 + 25. Suppose 2*w = -2*v, -v - 3*w - i = -4*v. What is s(v)?
-4
Let u(q) = -18*q - 551. Let s = 5886 + -5917. What is u(s)?
7
Let l(k) = -k**3 + 7*k**2 - 8*k + 5. Suppose 526 = 10*d + 466. Calculate l(d).
-7
Let c(